{"id":48,"date":"2006-11-03T19:26:54","date_gmt":"2006-11-03T17:26:54","guid":{"rendered":"http:\/\/www.luxorbis.org\/friedensplattform.at\/?page_id=48"},"modified":"2025-08-05T12:08:32","modified_gmt":"2025-08-05T12:08:32","slug":"uber-uns","status":"publish","type":"page","link":"https:\/\/www.friedensplattform.at\/?page_id=48","title":{"rendered":"\u00dcber uns"},"content":{"rendered":"<h2><strong><strong>Steirische Friedensplattform<\/strong><\/strong><\/h2>\n<p>&nbsp;<\/p>\n<p>&nbsp;<\/p>\n<p align=\"center\"><strong>Wer wir sind und wof\u00fcr wir eintreten<\/strong><\/p>\n<p>Die Steirische Friedensplattform ist ein Personenkomitee das sich aus AktivistInnen von unterschiedlichen Gruppierungen zusammensetzt. Alle Personen, die sich mit den Grunds\u00e4tzen der Friedensplattform identifizieren k\u00f6nnen und deren Einstellung nicht im Widerspruch zu den Zielen und Grunds\u00e4tzen der Friedensplattform steht, sind zur Mitarbeit eingeladen.<\/p>\n<p>Die Steirische Friedensplattform hat sich nach den Terroranschl\u00e4gen vom 11. September 2001 in Graz gebildet, da nach den Anschl\u00e4gen absehbar war, dass es in Zukunft zu gr\u00f6\u00dferen milit\u00e4rischen Aktionen, in dem damals angedrohten &#8222;Kampf gegen den Terrorismus\u201c, kommen werde. Der Kampf gegen den Terror ist seither oftmals ein Vorwand um Kriege in verschiedenen Teilen der Erde loszutreten, und sich \u201eso genannt\u201c gegen den Terror zur Wehr zu setzen. Die Steirische Friedensplattform hat es sich zur Aufgabe gemacht die Hintergr\u00fcnde von Kriegen aufzuzeigen und dagegen aufzutreten, dass Krieg als legitimes Mittel der Konfliktl\u00f6sung etabliert wird. Die Friedensplattform tritt ein f\u00fcr gewaltfreie Konfliktl\u00f6sung und soziale Gerechtigkeit.<\/p>\n<p>Die Steirische Friedensplattform veranstaltet Kundgebungen und nimmt an diversen sozial-und friedenspolitischen Veranstaltungen und Demonstrationen teil, mit dem Ziel die Bev\u00f6lkerung \u00fcber die wahren Gr\u00fcnde von Kriegen zu informieren und die Bewusstseinsbildung zu f\u00f6rdern.Bei unserer Arbeit sind wir auf finanzielle Hilfe angewiesen. Wir freuen uns daher \u00fcber jede Spende:<\/p>\n<p><strong><strong>Spendenkonto:<\/strong><\/strong><\/p>\n<p>Bank f\u00fcr K\u00e4rnten und Steiermark \/BKS, Steirische Friedensplattform, IBAN: AT06 1700 0001 8001 5019<\/p>\n<p><strong><br \/>\n<\/strong><\/p>\n<p><strong>Kontaktadresse:<br \/>\n<\/strong>friedensplattform [ at ] gmx.at<\/p>\n<p>&nbsp;<\/p>\n<p><a title=\"StFP_Statuten.pdf\" href=\"http:\/\/www.luxorbis.org\/friedensplattform.at\/wp-content\/uploads\/2008\/01\/stfp_statuten_00.pdf\">StFP_Statuten.pdf<\/a><\/p>\n","protected":false},"excerpt":{"rendered":"<p>Steirische Friedensplattform &nbsp; &nbsp; Wer wir sind und wof\u00fcr wir eintreten Die Steirische Friedensplattform ist ein Personenkomitee das sich aus AktivistInnen von unterschiedlichen Gruppierungen zusammensetzt. Alle Personen, die sich mit den Grunds\u00e4tzen der Friedensplattform identifizieren k\u00f6nnen und deren Einstellung nicht im Widerspruch zu den Zielen und Grunds\u00e4tzen der Friedensplattform steht, sind zur Mitarbeit eingeladen. Die &hellip; <a href=\"https:\/\/www.friedensplattform.at\/?page_id=48\" class=\"more-link\"><span class=\"screen-reader-text\">\u00dcber uns<\/span> weiterlesen <span class=\"meta-nav\">&rarr;<\/span><\/a><\/p>\n","protected":false},"author":1,"featured_media":0,"parent":0,"menu_order":0,"comment_status":"open","ping_status":"open","template":"","meta":{"footnotes":""},"class_list":["post-48","page","type-page","status-publish","hentry"],"_links":{"self":[{"href":"https:\/\/www.friedensplattform.at\/index.php?rest_route=\/wp\/v2\/pages\/48","targetHints":{"allow":["GET"]}}],"collection":[{"href":"https:\/\/www.friedensplattform.at\/index.php?rest_route=\/wp\/v2\/pages"}],"about":[{"href":"https:\/\/www.friedensplattform.at\/index.php?rest_route=\/wp\/v2\/types\/page"}],"author":[{"embeddable":true,"href":"https:\/\/www.friedensplattform.at\/index.php?rest_route=\/wp\/v2\/users\/1"}],"replies":[{"embeddable":true,"href":"https:\/\/www.friedensplattform.at\/index.php?rest_route=%2Fwp%2Fv2%2Fcomments&post=48"}],"version-history":[{"count":6,"href":"https:\/\/www.friedensplattform.at\/index.php?rest_route=\/wp\/v2\/pages\/48\/revisions"}],"predecessor-version":[{"id":8291,"href":"https:\/\/www.friedensplattform.at\/index.php?rest_route=\/wp\/v2\/pages\/48\/revisions\/8291"}],"wp:attachment":[{"href":"https:\/\/www.friedensplattform.at\/index.php?rest_route=%2Fwp%2Fv2%2Fmedia&parent=48"}],"curies":[{"name":"wp","href":"https:\/\/api.w.org\/{rel}","templated":true}]}}

Über uns

<h2><strong><strong>Steirische Friedensplattform</strong></strong></h2>
<p>&nbsp;</p>
<p>&nbsp;</p>
<p align="center"><strong>Wer wir sind und wofür wir eintreten</strong></p>
<p>Die Steirische Friedensplattform ist ein Personenkomitee das sich aus AktivistInnen von unterschiedlichen Gruppierungen zusammensetzt. Alle Personen, die sich mit den Grundsätzen der Friedensplattform identifizieren können und deren Einstellung nicht im Widerspruch zu den Zielen und Grundsätzen der Friedensplattform steht, sind zur Mitarbeit eingeladen.</p>
<p>Die Steirische Friedensplattform hat sich nach den Terroranschlägen vom 11. September 2001 in Graz gebildet, da nach den Anschlägen absehbar war, dass es in Zukunft zu größeren militärischen Aktionen, in dem damals angedrohten &#8222;Kampf gegen den Terrorismus“, kommen werde. Der Kampf gegen den Terror ist seither oftmals ein Vorwand um Kriege in verschiedenen Teilen der Erde loszutreten, und sich „so genannt“ gegen den Terror zur Wehr zu setzen. Die Steirische Friedensplattform hat es sich zur Aufgabe gemacht die Hintergründe von Kriegen aufzuzeigen und dagegen aufzutreten, dass Krieg als legitimes Mittel der Konfliktlösung etabliert wird. Die Friedensplattform tritt ein für gewaltfreie Konfliktlösung und soziale Gerechtigkeit.</p>
<p>Die Steirische Friedensplattform veranstaltet Kundgebungen und nimmt an diversen sozial-und friedenspolitischen Veranstaltungen und Demonstrationen teil, mit dem Ziel die Bevölkerung über die wahren Gründe von Kriegen zu informieren und die Bewusstseinsbildung zu fördern.Bei unserer Arbeit sind wir auf finanzielle Hilfe angewiesen. Wir freuen uns daher über jede Spende:</p>
<p><strong><strong>Spendenkonto:</strong></strong></p>
<p>Bank für Kärnten und Steiermark /BKS, Steirische Friedensplattform, IBAN: AT06 1700 0001 8001 5019</p>
<p><strong><br />
</strong></p>
<p><strong>Kontaktadresse:<br />
</strong>friedensplattform [ at ] gmx.at</p>
<p>&nbsp;</p>
<p><a title="StFP_Statuten.pdf" href="http://www.luxorbis.org/friedensplattform.at/wp-content/uploads/2008/01/stfp_statuten_00.pdf">StFP_Statuten.pdf</a></p>

<p>Steirische Friedensplattform &nbsp; &nbsp; Wer wir sind und wofür wir eintreten Die Steirische Friedensplattform ist ein Personenkomitee das sich aus AktivistInnen von unterschiedlichen Gruppierungen zusammensetzt. Alle Personen, die sich mit den Grundsätzen der Friedensplattform identifizieren können und deren Einstellung nicht im Widerspruch zu den Zielen und Grundsätzen der Friedensplattform steht, sind zur Mitarbeit eingeladen. Die &hellip; <a href="https://www.friedensplattform.at/?page_id=48" class="more-link"><span class="screen-reader-text">Über uns</span> weiterlesen <span class="meta-nav">&rarr;</span></a></p>
